{"id":85,"date":"2024-06-01T21:43:21","date_gmt":"2024-06-01T19:43:21","guid":{"rendered":"https:\/\/delecroix.ovh\/?page_id=85"},"modified":"2024-06-01T21:47:44","modified_gmt":"2024-06-01T19:47:44","slug":"creation-site-internet","status":"publish","type":"page","link":"https:\/\/delecroix.ovh\/index.php\/creation-site-internet\/","title":{"rendered":"Cr\u00e9ation site internet"},"content":{"rendered":"\n<figure class=\"wp-block-image size-full\"><img loading=\"lazy\" decoding=\"async\" width=\"1024\" height=\"724\" src=\"https:\/\/delecroix.ovh\/wp-content\/uploads\/2024\/06\/web-1668927_1280-1024x724-1.jpg\" alt=\"\" class=\"wp-image-86\" srcset=\"https:\/\/delecroix.ovh\/wp-content\/uploads\/2024\/06\/web-1668927_1280-1024x724-1.jpg 1024w, https:\/\/delecroix.ovh\/wp-content\/uploads\/2024\/06\/web-1668927_1280-1024x724-1-300x212.jpg 300w, https:\/\/delecroix.ovh\/wp-content\/uploads\/2024\/06\/web-1668927_1280-1024x724-1-768x543.jpg 768w\" sizes=\"auto, (max-width: 1024px) 100vw, 1024px\" \/><\/figure>\n\n\n\n<p><strong>Pourquoi un site web ?<\/strong><br>Cr\u00e9er un site web peut pr\u00e9senter de nombreux avantages, que ce soit pour une entreprise, un projet personnel ou une organisation. Un site web permet de pr\u00e9senter vos produits ou services, d\u2019atteindre un plus large public, de renforcer votre pr\u00e9sence en ligne, de communiquer avec vos clients ou votre audience, de vendre en ligne, et bien plus encore. C\u2019est un outil puissant pour d\u00e9velopper votre visibilit\u00e9 et votre cr\u00e9dibilit\u00e9.<\/p>\n\n\n\n<p>Je vous propose la <a href=\"https:\/\/creation-sitesweb.com\/\" target=\"_blank\" rel=\"noreferrer noopener\">cr\u00e9ation de votre site internet<\/a> ou une <a href=\"https:\/\/delecroix.ovh\/index.php\/wordpress\/\" data-type=\"page\" data-id=\"38\">formation WordPress<\/a> afin de cr\u00e9er votre site internet vous m\u00eame.<\/p>\n\n\n\n<p>Vous trouverez mes tarifs sur mon site d\u00e9di\u00e9 \u00e0 la cr\u00e9ation de sites internets<br><a href=\"https:\/\/creation-sitesweb.com\/\" target=\"_blank\" rel=\"noreferrer noopener\">cr\u00e9ation de votre site internet<\/a><\/p>\n\n\n\n<figure class=\"wp-block-image size-full\"><a href=\"https:\/\/creation-sitesweb.com\/\" target=\"_blank\" rel=\"noreferrer noopener\"><img loading=\"lazy\" decoding=\"async\" width=\"1024\" height=\"577\" src=\"https:\/\/delecroix.ovh\/wp-content\/uploads\/2024\/06\/pagefb-creation-sitesweb-1-1024x577-1.png\" alt=\"\" class=\"wp-image-90\" srcset=\"https:\/\/delecroix.ovh\/wp-content\/uploads\/2024\/06\/pagefb-creation-sitesweb-1-1024x577-1.png 1024w, https:\/\/delecroix.ovh\/wp-content\/uploads\/2024\/06\/pagefb-creation-sitesweb-1-1024x577-1-300x169.png 300w, https:\/\/delecroix.ovh\/wp-content\/uploads\/2024\/06\/pagefb-creation-sitesweb-1-1024x577-1-768x433.png 768w\" sizes=\"auto, (max-width: 1024px) 100vw, 1024px\" \/><\/a><\/figure>\n","protected":false},"excerpt":{"rendered":"<p>Pourquoi un site web ?Cr\u00e9er un site web peut pr\u00e9senter de nombreux avantages, que ce soit pour une entreprise, un projet personnel ou une organisation. Un site web permet de pr\u00e9senter vos produits ou services, d\u2019atteindre un plus large public, de renforcer votre pr\u00e9sence en ligne, de communiquer avec vos clients ou votre audience, de [&hellip;]<\/p>\n","protected":false},"author":1,"featured_media":0,"parent":0,"menu_order":0,"comment_status":"closed","ping_status":"closed","template":"","meta":{"footnotes":""},"class_list":["post-85","page","type-page","status-publish","hentry"],"_links":{"self":[{"href":"https:\/\/delecroix.ovh\/index.php\/wp-json\/wp\/v2\/pages\/85","targetHints":{"allow":["GET"]}}],"collection":[{"href":"https:\/\/delecroix.ovh\/index.php\/wp-json\/wp\/v2\/pages"}],"about":[{"href":"https:\/\/delecroix.ovh\/index.php\/wp-json\/wp\/v2\/types\/page"}],"author":[{"embeddable":true,"href":"https:\/\/delecroix.ovh\/index.php\/wp-json\/wp\/v2\/users\/1"}],"replies":[{"embeddable":true,"href":"https:\/\/delecroix.ovh\/index.php\/wp-json\/wp\/v2\/comments?post=85"}],"version-history":[{"count":4,"href":"https:\/\/delecroix.ovh\/index.php\/wp-json\/wp\/v2\/pages\/85\/revisions"}],"predecessor-version":[{"id":91,"href":"https:\/\/delecroix.ovh\/index.php\/wp-json\/wp\/v2\/pages\/85\/revisions\/91"}],"wp:attachment":[{"href":"https:\/\/delecroix.ovh\/index.php\/wp-json\/wp\/v2\/media?parent=85"}],"curies":[{"name":"wp","href":"https:\/\/api.w.org\/{rel}","templated":true}]}}